{"id":7366,"date":"2024-06-18T15:05:47","date_gmt":"2024-06-18T13:05:47","guid":{"rendered":"https:\/\/intercommerce.si\/izdelek\/standard-handfolie\/"},"modified":"2024-06-18T15:05:47","modified_gmt":"2024-06-18T13:05:47","slug":"standard-handfolie","status":"publish","type":"product","link":"https:\/\/intercommerce.si\/de\/produkt\/standard-handfolie\/","title":{"rendered":"Standard Handfolie"},"content":{"rendered":"<p><strong>Eigenschaften von Standard-Handfolien<\/strong><\/p>\n<ul>\n<li>Die Folien sind dehnbar.<\/li>\n<li>Sie bieten optimalen Schutz f\u00fcr Produkte auf der Palette.<\/li>\n<li>Sie sch\u00fctzen Paletten und Produkte vor Staub, Schmutz und Feuchtigkeit.<\/li>\n<\/ul>\n","protected":false},"excerpt":{"rendered":"Handfolien werden zum manuellen Wickeln von Paletten verwendet. Sie eignen sich, wenn eine kleinere Anzahl von Paletten zu wickeln ist oder wenn es sich um Gegenst\u00e4nde handelt, die nicht maschinell gewickelt werden k\u00f6nnen. Handfolien sind auch praktisch f\u00fcr den privaten Gebrauch, beispielsweise zum Schutz von M\u00f6beln, Z\u00e4unen oder Fernsehger\u00e4ten. Aufgrund ihrer Eigenschaften eignen sie sich auch zum Verpacken von Produkten, die Sonne und UV-Strahlen ausgesetzt sind.   ","protected":false},"featured_media":3355,"template":"","meta":{"_acf_changed":false,"inline_featured_image":false},"product_cat":[1813,1825,1814,1826,1823],"product_tag":[],"class_list":{"0":"post-7366","1":"product","2":"type-product","3":"status-publish","4":"has-post-thumbnail","6":"product_cat-artikel","7":"product_cat-dehnfahige-stretch-folien","8":"product_cat-folien","9":"product_cat-handfolien","10":"product_cat-verpackungsmaterialien","11":"pa_aplikacija-handbuch","12":"pa_barva-schwarz","13":"pa_barva-trasparent-de","14":"pa_barva-weis","15":"pa_debelina-mm-12-de","16":"pa_debelina-mm-15-de","17":"pa_debelina-mm-17-de","18":"pa_debelina-mm-20-de","19":"pa_debelina-mm-23-de","20":"pa_debelina-mm-30-de","21":"pa_premer-tulca-mm-50-de","22":"pa_raztezek-150-de","23":"pa_raztezek-180-de","24":"pa_raztezek-200-de","25":"pa_sirina-mm-500-de","26":"pa_specificne-lastnosti-in-einer-schachtel","27":"pa_specificne-lastnosti-nano-de","28":"pa_specificne-lastnosti-pro-eur-palette","29":"pa_specificne-lastnosti-uv12-de","30":"pa_st-izdelkov-v-skatli-5-de","31":"pa_st-izdelkov-v-skatli-6-de","32":"pa_st-izdelkov-v-skatli-abfall","33":"pa_st-rol-na-paleti-120-de","34":"pa_st-rol-na-paleti-150-de","35":"pa_st-rol-na-paleti-200-de","36":"pa_st-rol-na-paleti-240-de","37":"pa_teza-kg-22-de","38":"pa_teza-kg-237-de","39":"pa_teza-kg-266-de","40":"pa_teza-kg-3-de","41":"pa_teza-kg-5-de","42":"pa_teza-tulca-kg-leichtere-hulle","43":"pa_teza-tulca-kg-schwerer-armel","45":"first","46":"instock","47":"product-type-simple"},"acf":[],"gallery_images":[],"_links":{"self":[{"href":"https:\/\/intercommerce.si\/de\/wp-json\/wp\/v2\/product\/7366","targetHints":{"allow":["GET"]}}],"collection":[{"href":"https:\/\/intercommerce.si\/de\/wp-json\/wp\/v2\/product"}],"about":[{"href":"https:\/\/intercommerce.si\/de\/wp-json\/wp\/v2\/types\/product"}],"wp:featuredmedia":[{"embeddable":true,"href":"https:\/\/intercommerce.si\/de\/wp-json\/wp\/v2\/media\/3355"}],"wp:attachment":[{"href":"https:\/\/intercommerce.si\/de\/wp-json\/wp\/v2\/media?parent=7366"}],"wp:term":[{"taxonomy":"product_cat","embeddable":true,"href":"https:\/\/intercommerce.si\/de\/wp-json\/wp\/v2\/product_cat?post=7366"},{"taxonomy":"product_tag","embeddable":true,"href":"https:\/\/intercommerce.si\/de\/wp-json\/wp\/v2\/product_tag?post=7366"}],"curies":[{"name":"wp","href":"https:\/\/api.w.org\/{rel}","templated":true}]}}

<p><strong>Eigenschaften von Standard-Handfolien</strong></p>
<ul>
<li>Die Folien sind dehnbar.</li>
<li>Sie bieten optimalen Schutz für Produkte auf der Palette.</li>
<li>Sie schützen Paletten und Produkte vor Staub, Schmutz und Feuchtigkeit.</li>
</ul>

Handfolien werden zum manuellen Wickeln von Paletten verwendet. Sie eignen sich, wenn eine kleinere Anzahl von Paletten zu wickeln ist oder wenn es sich um Gegenstände handelt, die nicht maschinell gewickelt werden können. Handfolien sind auch praktisch für den privaten Gebrauch, beispielsweise zum Schutz von Möbeln, Zäunen oder Fernsehgeräten. Aufgrund ihrer Eigenschaften eignen sie sich auch zum Verpacken von Produkten, die Sonne und UV-Strahlen ausgesetzt sind.
