{"id":7352,"date":"2024-06-18T15:05:47","date_gmt":"2024-06-18T13:05:47","guid":{"rendered":"https:\/\/intercommerce.si\/izdelek\/gelochte-handfolie\/"},"modified":"2024-06-18T15:05:47","modified_gmt":"2024-06-18T13:05:47","slug":"gelochte-handfolie","status":"publish","type":"product","link":"https:\/\/intercommerce.si\/de\/produkt\/gelochte-handfolie\/","title":{"rendered":"Gelochte Handfolie"},"content":{"rendered":"<p><strong>Eigenschaften von gelochten Handfolien<\/strong><\/p>\n<ul>\n<li>Sie eignet sich f\u00fcr das manuelle Wickeln von Paletten.<\/li>\n<li>Die Folie hat L\u00f6cher, die den Luftstrom erm\u00f6glichen.<\/li>\n<li>Zum Palettieren verschiedener Produkte, die nicht luftdicht verschlossen werden d\u00fcrfen, da sie \u201eatmen\u201c m\u00fcssen.<\/li>\n<li>Verwendbar in der Lebensmittelindustrie, zum Verpacken von hei\u00dfen Produkten, im Gartenbau, Obstbau und anderen Branchen.<\/li>\n<li>Durch die Verdunstung von Feuchtigkeit und Hitze wird die K\u00fchlung, das Gefrieren und die Trocknung der Ware beschleunigt.<\/li>\n<li>Sie verhindert Kondensation, Rost und Schimmelbildung.<\/li>\n<\/ul>\n","protected":false},"excerpt":{"rendered":"Die gelochte Handfolie hat L\u00f6cher, die den Luftstrom erm\u00f6glichen und so die Zerst\u00f6rung von Verpackung und Produkten verhindern.","protected":false},"featured_media":1780,"template":"","meta":{"_acf_changed":false,"inline_featured_image":false},"product_cat":[1813,1823,1814,1825,1826],"product_tag":[],"class_list":{"0":"post-7352","1":"product","2":"type-product","3":"status-publish","4":"has-post-thumbnail","6":"product_cat-artikel","7":"product_cat-verpackungsmaterialien","8":"product_cat-folien","9":"product_cat-dehnfahige-stretch-folien","10":"product_cat-handfolien","11":"pa_aplikacija-handbuch","12":"pa_barva-trasparent-de","13":"pa_premer-tulca-mm-50-de","14":"pa_sirina-mm-430-de","15":"pa_specificne-lastnosti-in-einer-schachtel","16":"pa_specificne-lastnosti-ohne-hulse","17":"pa_st-izdelkov-v-skatli-6-de","18":"pa_st-rol-na-paleti-216-de","19":"pa_teza-kg-3-de","21":"first","22":"instock","23":"product-type-simple"},"acf":[],"gallery_images":[],"_links":{"self":[{"href":"https:\/\/intercommerce.si\/de\/wp-json\/wp\/v2\/product\/7352","targetHints":{"allow":["GET"]}}],"collection":[{"href":"https:\/\/intercommerce.si\/de\/wp-json\/wp\/v2\/product"}],"about":[{"href":"https:\/\/intercommerce.si\/de\/wp-json\/wp\/v2\/types\/product"}],"wp:featuredmedia":[{"embeddable":true,"href":"https:\/\/intercommerce.si\/de\/wp-json\/wp\/v2\/media\/1780"}],"wp:attachment":[{"href":"https:\/\/intercommerce.si\/de\/wp-json\/wp\/v2\/media?parent=7352"}],"wp:term":[{"taxonomy":"product_cat","embeddable":true,"href":"https:\/\/intercommerce.si\/de\/wp-json\/wp\/v2\/product_cat?post=7352"},{"taxonomy":"product_tag","embeddable":true,"href":"https:\/\/intercommerce.si\/de\/wp-json\/wp\/v2\/product_tag?post=7352"}],"curies":[{"name":"wp","href":"https:\/\/api.w.org\/{rel}","templated":true}]}}

<p><strong>Eigenschaften von gelochten Handfolien</strong></p>
<ul>
<li>Sie eignet sich für das manuelle Wickeln von Paletten.</li>
<li>Die Folie hat Löcher, die den Luftstrom ermöglichen.</li>
<li>Zum Palettieren verschiedener Produkte, die nicht luftdicht verschlossen werden dürfen, da sie „atmen“ müssen.</li>
<li>Verwendbar in der Lebensmittelindustrie, zum Verpacken von heißen Produkten, im Gartenbau, Obstbau und anderen Branchen.</li>
<li>Durch die Verdunstung von Feuchtigkeit und Hitze wird die Kühlung, das Gefrieren und die Trocknung der Ware beschleunigt.</li>
<li>Sie verhindert Kondensation, Rost und Schimmelbildung.</li>
</ul>

Die gelochte Handfolie hat Löcher, die den Luftstrom ermöglichen und so die Zerstörung von Verpackung und Produkten verhindern.
