{"id":7206,"date":"2024-06-18T15:06:00","date_gmt":"2024-06-18T13:06:00","guid":{"rendered":"https:\/\/intercommerce.si\/izdelek\/textile-kompositbaender\/"},"modified":"2024-06-18T15:06:00","modified_gmt":"2024-06-18T13:06:00","slug":"textile-kompositbaender","status":"publish","type":"product","link":"https:\/\/intercommerce.si\/de\/produkt\/textile-kompositbaender\/","title":{"rendered":"Textile Kompositb\u00e4nder"},"content":{"rendered":"<div class=\"flex-shrink-0 flex flex-col relative items-end\">\n<div>\n<div class=\"pt-0\">\n<div class=\"gizmo-bot-avatar flex h-8 w-8 items-center justify-center overflow-hidden rounded-full\">\n<div class=\"relative p-1 rounded-sm flex items-center justify-center bg-token-main-surface-primary text-token-text-primary h-8 w-8\"><strong>Eigenschaften von textilen Kompositb\u00e4ndern<\/strong><\/div>\n<\/div>\n<\/div>\n<\/div>\n<\/div>\n<div class=\"group\/conversation-turn relative flex w-full min-w-0 flex-col agent-turn\">\n<div class=\"flex-col gap-1 md:gap-3\">\n<div class=\"flex max-w-full flex-col flex-grow\">\n<div class=\"min-h-8 text-message flex w-full flex-col items-end gap-2 whitespace-normal break-words text-start [.text-message+&amp;]:mt-5\" dir=\"auto\" data-message-author-role=\"assistant\" data-message-id=\"7a398436-f36f-4a27-ac64-87b3a1e87a65\" data-message-model-slug=\"gpt-4o-mini\">\n<div class=\"flex w-full flex-col gap-1 empty:hidden first:pt-[3px]\">\n<div class=\"markdown prose w-full break-words dark:prose-invert light\">\n<ul>\n<li><strong>Ausgezeichneter Ersatz f\u00fcr Stahlb\u00e4nder<\/strong>: Textile Kompositb\u00e4nder sind leichter und sicherer in der Handhabung im Vergleich zu Stahlb\u00e4ndern.<\/li>\n<li><strong>Besch\u00e4digen die befestigte Ware nicht<\/strong>: Aufgrund ihrer Weichheit verursachen sie keine Sch\u00e4den an der verbundenen Ware.<\/li>\n<li><strong>Hohe Spannung<\/strong>: Die B\u00e4nder halten problemlos hohen Spannungen stand, was eine effektive Fixierung der Ladung erm\u00f6glicht.<\/li>\n<li><strong>Hohe Absorptionsf\u00e4higkeit<\/strong>: Sie haben eine au\u00dfergew\u00f6hnliche Absorptionsf\u00e4higkeit, was zu einer h\u00f6heren Stabilit\u00e4t beim Transport beitr\u00e4gt.<\/li>\n<li><strong>Druckm\u00f6glichkeit<\/strong>: Auf die B\u00e4nder k\u00f6nnen Logos oder andere Kennzeichnungen gedruckt werden, was eine Personalisierung erm\u00f6glicht.<\/li>\n<li><strong>Best\u00e4ndig gegen chemische und Witterungseinfl\u00fcsse<\/strong>: Die B\u00e4nder sind best\u00e4ndig gegen Chemikalien und Witterungseinfl\u00fcsse, was eine lange Lebensdauer auch unter schwierigen Bedingungen gew\u00e4hrleistet.<\/li>\n<\/ul>\n<\/div>\n<\/div>\n<\/div>\n<\/div>\n<\/div>\n<\/div>\n","protected":false},"excerpt":{"rendered":"Die Verpackung mit textilen Kompositb\u00e4ndern ist hochwertig und kosteng\u00fcnstig. Die Basis dieser B\u00e4nder sind verklebte B\u00e4nder, auf die eine zus\u00e4tzliche Schutzschicht aus Polypropylen aufgetragen wird. Diese Schicht erh\u00f6ht die Festigkeit der B\u00e4nder, wodurch sie widerstandsf\u00e4higer gegen scharfe Kanten und \u00e4u\u00dfere Witterungseinfl\u00fcsse werden. Die Arbeit mit ihnen ist einfacher, da sie eine leichtere Anbringung des Bandes unter der Palette erm\u00f6glichen. Die B\u00e4nder sind auf Spulen mit einem H\u00fclsendurchmesser von 200 mm gewickelt, was eine einfache Lagerung und Verwendung gew\u00e4hrleistet.    ","protected":false},"featured_media":1938,"template":"","meta":{"_acf_changed":false,"inline_featured_image":false},"product_cat":[1813,1882,1831,1823],"product_tag":[],"class_list":{"0":"post-7206","1":"product","2":"type-product","3":"status-publish","4":"has-post-thumbnail","6":"product_cat-artikel","7":"product_cat-textile-kompositbander","8":"product_cat-umreifungsbander","9":"product_cat-verpackungsmaterialien","10":"pa_aplikacija-handbuch","11":"pa_navitje-na-roli-m-300-de","12":"pa_navitje-na-roli-m-450-de","13":"pa_navitje-na-roli-m-500-de","14":"pa_navitje-na-roli-m-850-de","15":"pa_premer-tulca-mm-200-de","16":"pa_sirina-mm-16-de","17":"pa_sirina-mm-19-de","18":"pa_sirina-mm-25-de","19":"pa_sirina-mm-32-de","20":"pa_st-izdelkov-v-skatli-2-de","22":"first","23":"instock","24":"product-type-simple"},"acf":[],"gallery_images":[1939],"_links":{"self":[{"href":"https:\/\/intercommerce.si\/de\/wp-json\/wp\/v2\/product\/7206","targetHints":{"allow":["GET"]}}],"collection":[{"href":"https:\/\/intercommerce.si\/de\/wp-json\/wp\/v2\/product"}],"about":[{"href":"https:\/\/intercommerce.si\/de\/wp-json\/wp\/v2\/types\/product"}],"wp:featuredmedia":[{"embeddable":true,"href":"https:\/\/intercommerce.si\/de\/wp-json\/wp\/v2\/media\/1938"}],"wp:attachment":[{"href":"https:\/\/intercommerce.si\/de\/wp-json\/wp\/v2\/media?parent=7206"}],"wp:term":[{"taxonomy":"product_cat","embeddable":true,"href":"https:\/\/intercommerce.si\/de\/wp-json\/wp\/v2\/product_cat?post=7206"},{"taxonomy":"product_tag","embeddable":true,"href":"https:\/\/intercommerce.si\/de\/wp-json\/wp\/v2\/product_tag?post=7206"}],"curies":[{"name":"wp","href":"https:\/\/api.w.org\/{rel}","templated":true}]}}

Textile Kompositbänder

<div class="flex-shrink-0 flex flex-col relative items-end">
<div>
<div class="pt-0">
<div class="gizmo-bot-avatar flex h-8 w-8 items-center justify-center overflow-hidden rounded-full">
<div class="relative p-1 rounded-sm flex items-center justify-center bg-token-main-surface-primary text-token-text-primary h-8 w-8"><strong>Eigenschaften von textilen Kompositbändern</strong></div>
</div>
</div>
</div>
</div>
<div class="group/conversation-turn relative flex w-full min-w-0 flex-col agent-turn">
<div class="flex-col gap-1 md:gap-3">
<div class="flex max-w-full flex-col flex-grow">
<div class="min-h-8 text-message flex w-full flex-col items-end gap-2 whitespace-normal break-words text-start [.text-message+&amp;]:mt-5" dir="auto" data-message-author-role="assistant" data-message-id="7a398436-f36f-4a27-ac64-87b3a1e87a65" data-message-model-slug="gpt-4o-mini">
<div class="flex w-full flex-col gap-1 empty:hidden first:pt-[3px]">
<div class="markdown prose w-full break-words dark:prose-invert light">
<ul>
<li><strong>Ausgezeichneter Ersatz für Stahlbänder</strong>: Textile Kompositbänder sind leichter und sicherer in der Handhabung im Vergleich zu Stahlbändern.</li>
<li><strong>Beschädigen die befestigte Ware nicht</strong>: Aufgrund ihrer Weichheit verursachen sie keine Schäden an der verbundenen Ware.</li>
<li><strong>Hohe Spannung</strong>: Die Bänder halten problemlos hohen Spannungen stand, was eine effektive Fixierung der Ladung ermöglicht.</li>
<li><strong>Hohe Absorptionsfähigkeit</strong>: Sie haben eine außergewöhnliche Absorptionsfähigkeit, was zu einer höheren Stabilität beim Transport beiträgt.</li>
<li><strong>Druckmöglichkeit</strong>: Auf die Bänder können Logos oder andere Kennzeichnungen gedruckt werden, was eine Personalisierung ermöglicht.</li>
<li><strong>Beständig gegen chemische und Witterungseinflüsse</strong>: Die Bänder sind beständig gegen Chemikalien und Witterungseinflüsse, was eine lange Lebensdauer auch unter schwierigen Bedingungen gewährleistet.</li>
</ul>
</div>
</div>
</div>
</div>
</div>
</div>

Die Verpackung mit textilen Kompositbändern ist hochwertig und kostengünstig. Die Basis dieser Bänder sind verklebte Bänder, auf die eine zusätzliche Schutzschicht aus Polypropylen aufgetragen wird. Diese Schicht erhöht die Festigkeit der Bänder, wodurch sie widerstandsfähiger gegen scharfe Kanten und äußere Witterungseinflüsse werden. Die Arbeit mit ihnen ist einfacher, da sie eine leichtere Anbringung des Bandes unter der Palette ermöglichen. Die Bänder sind auf Spulen mit einem Hülsendurchmesser von 200 mm gewickelt, was eine einfache Lagerung und Verwendung gewährleistet.
