{"id":7198,"date":"2024-06-18T15:05:47","date_gmt":"2024-06-18T13:05:47","guid":{"rendered":"https:\/\/intercommerce.si\/izdelek\/vorgespannte-maschinenfolie\/"},"modified":"2024-06-18T15:05:47","modified_gmt":"2024-06-18T13:05:47","slug":"vorgespannte-maschinenfolie","status":"publish","type":"product","link":"https:\/\/intercommerce.si\/de\/produkt\/vorgespannte-maschinenfolie\/","title":{"rendered":"Vorgespannte Maschinenfolie"},"content":{"rendered":"<p><strong>Eigenschaften von vorgespannten Folien<\/strong><\/p>\n<ul>\n<li>Qualitativ unterscheiden wir zwischen Standard- und NANO-Folien<\/li>\n<li>Vorgespannte Folien eignen sich hervorragend zum Wickeln von Paletten, deren Gewicht 500 kg nicht \u00fcbersteigt.<\/li>\n<li>Wenn sich weiche Kartons auf der Palette befinden, werden diese durch die Folie nicht besch\u00e4digt (nicht zusammengedr\u00fcckt), gleichzeitig wird die Stabilit\u00e4t der Palette und der Produkte gew\u00e4hrleistet.<\/li>\n<li>Durch die Verwendung von vorgespannten Folien werden der Folienverbrauch und die Verpackungskosten reduziert.<\/li>\n<li>M\u00f6glichkeit des Zusatzes f\u00fcr UV-Stabilit\u00e4t, der die Best\u00e4ndigkeit gegen UV-Strahlen erh\u00f6ht.<\/li>\n<li>Erh\u00e4ltlich in Wei\u00df und Schwarz.<\/li>\n<\/ul>\n","protected":false},"excerpt":{"rendered":"Vorgespannte Folien sind f\u00fcr Wickelmaschinen mit elektromagnetischer oder manueller Bremse geeignet. Bez\u00fcglich der Verarbeitungsqualit\u00e4t k\u00f6nnen Sie zwischen Standard- oder NANO-Technologie der Folienherstellung w\u00e4hlen. Aufgrund ihrer Inelastizit\u00e4t und des verst\u00e4rkten Doppelrandes gew\u00e4hrleisten sie eine gute Palettenstabilit\u00e4t. Die Standardbreite von vorgespannten Folien liegt zwischen 420 und 430 mm. NANO-Folien haben bessere mechanische Eigenschaften und bieten bessere Durchsto\u00dffestigkeit.    ","protected":false},"featured_media":6696,"template":"","meta":{"_acf_changed":false,"inline_featured_image":false},"product_cat":[1813,1825,1814,1857,1823],"product_tag":[],"class_list":{"0":"post-7198","1":"product","2":"type-product","3":"status-publish","4":"has-post-thumbnail","6":"product_cat-artikel","7":"product_cat-dehnfahige-stretch-folien","8":"product_cat-folien","9":"product_cat-maschinenfolien","10":"product_cat-verpackungsmaterialien","11":"pa_aplikacija-hardware","12":"pa_barva-trasparent-de","13":"pa_debelina-mm-12-de","14":"pa_debelina-mm-8-de","15":"pa_debelina-mm-9-de","16":"pa_navitje-na-roli-m-2500-de","17":"pa_navitje-na-roli-m-2750-de","18":"pa_premer-tulca-mm-76-de","19":"pa_premer-tulca-mm-ohne-hulse","20":"pa_raztezek-prafix","21":"pa_sirina-mm-420-430-de","22":"pa_specificne-lastnosti-auf-der-epal-palette","23":"pa_specificne-lastnosti-nano-de","24":"pa_specificne-lastnosti-uv12-de","25":"pa_st-rol-na-paleti-24-de","26":"pa_st-rol-na-paleti-36-de","27":"pa_st-rol-na-paleti-45-de","28":"pa_teza-kg-11-de","29":"pa_teza-kg-143-de","30":"pa_teza-tulca-kg-16-de","31":"pa_teza-tulca-kg-ohne-hulse","33":"first","34":"instock","35":"product-type-simple"},"acf":[],"gallery_images":[],"_links":{"self":[{"href":"https:\/\/intercommerce.si\/de\/wp-json\/wp\/v2\/product\/7198","targetHints":{"allow":["GET"]}}],"collection":[{"href":"https:\/\/intercommerce.si\/de\/wp-json\/wp\/v2\/product"}],"about":[{"href":"https:\/\/intercommerce.si\/de\/wp-json\/wp\/v2\/types\/product"}],"wp:featuredmedia":[{"embeddable":true,"href":"https:\/\/intercommerce.si\/de\/wp-json\/wp\/v2\/media\/6696"}],"wp:attachment":[{"href":"https:\/\/intercommerce.si\/de\/wp-json\/wp\/v2\/media?parent=7198"}],"wp:term":[{"taxonomy":"product_cat","embeddable":true,"href":"https:\/\/intercommerce.si\/de\/wp-json\/wp\/v2\/product_cat?post=7198"},{"taxonomy":"product_tag","embeddable":true,"href":"https:\/\/intercommerce.si\/de\/wp-json\/wp\/v2\/product_tag?post=7198"}],"curies":[{"name":"wp","href":"https:\/\/api.w.org\/{rel}","templated":true}]}}

<p><strong>Eigenschaften von vorgespannten Folien</strong></p>
<ul>
<li>Qualitativ unterscheiden wir zwischen Standard- und NANO-Folien</li>
<li>Vorgespannte Folien eignen sich hervorragend zum Wickeln von Paletten, deren Gewicht 500 kg nicht übersteigt.</li>
<li>Wenn sich weiche Kartons auf der Palette befinden, werden diese durch die Folie nicht beschädigt (nicht zusammengedrückt), gleichzeitig wird die Stabilität der Palette und der Produkte gewährleistet.</li>
<li>Durch die Verwendung von vorgespannten Folien werden der Folienverbrauch und die Verpackungskosten reduziert.</li>
<li>Möglichkeit des Zusatzes für UV-Stabilität, der die Beständigkeit gegen UV-Strahlen erhöht.</li>
<li>Erhältlich in Weiß und Schwarz.</li>
</ul>

Vorgespannte Folien sind für Wickelmaschinen mit elektromagnetischer oder manueller Bremse geeignet. Bezüglich der Verarbeitungsqualität können Sie zwischen Standard- oder NANO-Technologie der Folienherstellung wählen. Aufgrund ihrer Inelastizität und des verstärkten Doppelrandes gewährleisten sie eine gute Palettenstabilität. Die Standardbreite von vorgespannten Folien liegt zwischen 420 und 430 mm. NANO-Folien haben bessere mechanische Eigenschaften und bieten bessere Durchstoßfestigkeit.
